6c7c0 (base 13) in base 9?
-3772586
What is 14126636 (base 8) in base 14?
5d0858
100102002201120 (base 3) to base 6
255110540
Convert -120861a (base 11) to base 10.
-2105058
Convert 133003333 (base 5) to base 14.
137047
What is -bd1d4 (base 14) in base 3?
-212022010022
-556365 (base 14) to base 7
-33430655
Convert 3350531 (base 6) to base 4.
221133313
11100200102 (base 3) to base 11
59501
What is -2176254 (base 13) in base 11?
-5863311
-5c75c (base 13) to base 8
-514675
-c5a1d (base 16) to base 5
-201401001
Convert 202221210021 (base 3) to base 6.
12501311
Convert 124343330 (base 5) to base 2.
10010111110010010011
Convert -123371 (base 11) to base 14.
-50d9d
Convert 24600122 (base 7) to base 15.
2dc55e
-38ac5 (base 13) to base 5
-11330420
473485 (base 12) to base 7
12513050
What is 10101001011001101 (base 2) in base 6?
1505313
-1a8ed9 (base 16) to base 8
-6507331
-1000114101 (base 5) to base 7
-22431465
What is 126ab8 (base 14) in base 10?
633242
23098 (base 10) to base 6
254534
What is 225287 (base 11) in base 3?
200012121012
6766165 (base 8) to base 6
103120125
Convert 30555234 (base 6) to base 13.
250582
Convert 11010200200211 (base 3) to base 4.
20120232223
Convert 6c3321 (base 14) to base 5.
1421244120
What is 204541 (base 11) in base 4?
1100012030
Convert -1a26139 (base 11) to base 3.
-20102201200020
What is -2931980 (base 10) in base 11?
-1722927
-5170654 (base 9) to base 4
-22202133130
What is -1101101110010000001 (base 2) in base 9?
-754737
-2a4c7 (base 16) to base 14
-471d5
What is 10043320000 (base 5) in base 8?
46524111
What is -25a65 (base 13) in base 12?
-34534
Convert 101011001111011 (base 2) to base 16.
567b
-2312312310 (base 4) to base 11
-4717a1
Convert 67388 (base 13) to base 3.
100112000102
167306 (base 9) to base 12
50073
Convert 1294744 (base 10) to base 15.
1a8964
Convert -11000001111111 (base 2) to base 11.
-9367
2020102220122 (base 3) to base 4
10202130200
What is -12021022101002 (base 3) in base 6?
-140012002
Convert 1745ba (base 15) to base 7.
12410143
What is -3072369 (base 10) in base 7?
-35054226
Convert 160d5 (base 15) to base 16.
115a3
8a8335 (base 11) to base 3
2201110100122
What is -1650113 (base 9) in base 2?
-11100000010001101001
615770 (base 11) to base 10
988526
-200102001202 (base 3) to base 2
-1011000011101111000
What is 11103312221 (base 4) in base 5?
324021131
What is 826431 (base 13) in base 15?
401229
c8aa6 (base 13) to base 11
228093
What is 1758781 (base 9) in base 16?
f03fd
What is -7029 (base 12) in base 13?
-56a0
-14116 (base 15) to base 5
-4024441
4d9c (base 16) to base 12
b5b8
157a3aa (base 11) to base 10
2693096
-110c9 (base 13) to base 7
-156104
-472a6a (base 11) to base 6
-24031103
Convert -10332311132 (base 4) to base 13.
-369569
What is 102331302111 (base 4) in base 3?
100100120211220
-72720b (base 12) to base 6
-102253215
-10011101011101011000 (base 2) to base 16
-9d758
42e90 (base 15) to base 12
a2bb3
-121301112333 (base 4) to base 11
-38a4794
Convert -30d3 (base 14) to base 11.
-6362
1313022441 (base 5) to base 10
3251621
What is -200303121102 (base 4) in base 3?
-121011212210000
What is 1631501 (base 7) in base 6?
4503335
What is 2092224 (base 10) in base 5?
1013422344
40409 (base 15) to base 3
101100000200
377a000 (base 11) to base 9
13304585
What is 27abc1 (base 14) in base 7?
14452531
What is -217007 (base 10) in base 15?
-44472
-817ce (base 15) to base 6
-12442452
25c37 (base 13) to base 2
10001001000100101
-30cc9 (base 15) to base 9
-255260
What is 2131301131 (base 4) in base 16?
9dc5d
Convert 105a559 (base 11) to base 9.
3442642
What is 1dd2d (base 15) in base 3?
11221200221
Convert d39192 (base 15) to base 11.
57480a3
1831a5 (base 11) to base 5
33014113
Convert -4032345 (base 7) to base 6.
-14132013
What is 4429534 (base 10) in base 2?
10000111001011011011110
Convert 161535 (base 12) to base 2.
1011011101110111001
What is 6503654 (base 8) in base 11?
a88318
What is 6534426 (base 8) in base 9?
3258318
What is -15a7c9 (base 13) in base 14?
-ddbcc
-1000010000001111000 (base 2) to base 7
-2204334
Convert -1885043 (base 9) to base 15.
-15e120
-1200017 (base 8) to base 4
-1100000033
Convert -220030421 (base 6) to base 3.
-21101022112211
What is -1181300 (base 10) in base 4?
-10200121310
Convert 206855 (base 9) to base 6.
2350122
Convert ac945 (base 13) to base 14.
823a8
Convert -100100001010001010100 (base 2) to base 15.
-186102
What is -698b6 (base 12) in base 9?
-234683
d7bb15 (base 14) to base 12
2538587
What is 5b9b4 (base 16) in base 10?
375220
-101111110000001100011000 (base 2) to base 16
-bf0318
What is 5a171 (base 12) in base 7?
1013215
6a38d (base 14) to base 7
2125036
What is 1563476 (base 8) in base 15?
8e0ae
Convert 35a193 (base 13) to base 15.
1a3e2d
What is -1a55800 (base 11) in base 16?
-34d6f3
What is -33021012023 (base 4) in base 16?
-3c918b
Convert -303104203 (base 5) to base 16.
-12a71c
Convert 343002220 (base 5) to base 10.
1531560
-95493 (base 10) to base 12
-47319
What is 2675414 (base 10) in base 2?
1010001101001011010110
Convert 2a1286 (base 14) to base 9.
2668844
Convert -24370 (base 10) to base 4.
-11330302
Convert 13aca (base 14) to base 8.
137222
Convert -39951 (base 13) to base 3.
-12102211120
What is 170302 (base 11) in base 2?
1000000011011011111
Convert -50340121 (base 6) to base 12.
-58a641
Convert 141254 (base 11) to base 16.
3603f
Convert 102200210011 (base 3) to base 7.
1646104
Convert -a027 (base 12) to base 8.
-41637
4373854 (base 10) to base 7
52114522
What is 221dc (base 15) in base 14?
2b732
Convert -54114343 (base 7) to base 11.
-2668953
10112112100122 (base 3) to base 8
7130437
Convert -9b91a (base 13) to base 15.
-58baa
What is -22303101103 (base 4) in base 13?
-781a14
What is 265446 (base 7) in base 4?
30030231
Convert -1111001010001000001000 (base 2) to base 3.
-21110212210212
201120143 (base 5) to base 9
1451151
Convert 401341 (base 10) to base 13.
1108a5
What is 1111210213 (base 4) in base 13?
c36ca
Convert -10028744 (base 9) to base 7.
-55551355
What is 222136 (base 7) in base 8?
114412
What is 250354 (base 6) in base 14?
811c
71ad3 (base 15) to base 2
1010111111100000110
-219673 (base 12) to base 10
-534903
What is -16029331 (base 10) in base 5?
-13100414311
Convert 2212879 (base 12) to base 2.
11000110001101101011101
Convert 141319 (base 10) to base 16.
22807
What is 212011001021 (base 3) in base 2?
1101111001111101011
65666510 (base 7) to base 11
32077a2
45521042 (base 6) to base 7
14566202
2451761 (base 8) to base 12
287841
What is -1492145 (base 11) in base 6?
-130355130
-30010223111 (base 4) to base 2
-1100000100101011010101
What is 1461655 (base 7) in base 3?
101011021221
e6bd8 (base 15) to base 10
731678
-82a899 (base 11) to base 9
-2450234
4003420 (base 5) to base 8
173011
242241 (base 8) to base 16
144a1
What is -100010010111001110 (base 2) in base 15?
-2ba85
-3322112123 (base 4) to base 8
-3722633
Convert -656273 (base 8) to base 7.
-1605261
What is 11e06 (base 16) in base 14?
1c982
Convert 17a2a7 (base 13) to base 9.
1104317
Convert -4553853 (base 9) to base 16.
-257c79
What is -113405 (base 7) in base 5?
-1123223
Convert -3023334 (base 5) to base 7.
-261450
Convert -3141431 (base 6) to base 15.
-30657
What is 41214403 (base 5) in base 16?
51ef3
Convert 143410 (base 6) to base 3.
200212120
Convert a59ca4 (base 14) to base 11.
3183548
What is 1256142 (base 12) in base 13?
98c83a
What is -1110101 (base 2) in base 14?
-85
What is 434112 (base 6) in base 16?
8c3c
1156002 (base 7) to base 8
442051
316a41 (base 11) to base 2
1111011110010011011
What is -69016 (base 10) in base 6?
-1251304
-42a17 (base 11) to base 12
-30186
1460023 (base 8) to base 3
210020010111
100110001010001011 (base 2) to base 4
212022023
Convert -13010052 (base 9) to base 10.
-6383900
-60157 (base 11) to base 2
-10101011111011101
What is -171367 (base 11) in base 3?
-111110221010
13678 (base 13) to base 15
ab2a
-2b14610 (base 12) to base 15
-b78de9
What is 321892 (base 11) in base 5?
112433320
Convert -1123031430 (base 5) to base 8.
-11562376
What is -102110012100212 (base 3) in base 4?
-113031311012
Convert -11551210 (base 6) to base 9.
-626556
-97429 (base 10) to base 4
-113302111
What is -12001121112012 (base 3) in base 16?
-2907a7
Convert 141203513 